n 140991 is divided by 235.
226
Calculate the remainder when 5455 is divided by 5175.
280
What is the remainder when 36100 is divided by 46?
36
Calculate the remainder when 125 is divided by 92.
33
Calculate the remainder when 1782 is divided by 123.
60
What is the remainder when 38877 is divided by 19429?
19
What is the remainder when 30958 is divided by 86?
84
Calculate the remainder when 329 is divided by 44.
21
Calculate the remainder when 992721 is divided by 22.
15
What is the remainder when 3883 is divided by 158?
91
Calculate the remainder when 947 is divided by 370.
207
Calculate the remainder when 839 is divided by 834.
5
Calculate the remainder when 188929 is divided by 1671.
106
Calculate the remainder when 10729 is divided by 124.
65
What is the remainder when 15202 is divided by 723?
19
What is the remainder when 34650 is divided by 82?
46
Calculate the remainder when 100030 is divided by 100028.
2
Calculate the remainder when 816 is divided by 203.
4
What is the remainder when 9001 is divided by 246?
145
What is the remainder when 513 is divided by 226?
61
Calculate the remainder when 194032 is divided by 95.
42
Calculate the remainder when 1608 is divided by 95.
88
What is the remainder when 8263 is divided by 1839?
907
Calculate the remainder when 56989 is divided by 130.
49
Calculate the remainder when 3499 is divided by 73.
68
Calculate the remainder when 6903 is divided by 229.
33
What is the remainder when 3458 is divided by 192?
2
Calculate the remainder when 205435 is divided by 92.
91
What is the remainder when 3360 is divided by 1158?
1044
What is the remainder when 129470 is divided by 116?
14
What is the remainder when 5175 is divided by 1568?
471
Calculate the remainder when 4772 is divided by 687.
650
Calculate the remainder when 8998 is divided by 132.
22
What is the remainder when 2218292 is divided by 1109144?
4
Calculate the remainder when 1251 is divided by 114.
111
What is the remainder when 83857 is divided by 70?
67
What is the remainder when 11470 is divided by 478?
476
Calculate the remainder when 21268 is divided by 1633.
39
What is the remainder when 2348 is divided by 147?
143
What is the remainder when 40270 is divided by 1032?
22
Calculate the remainder when 56162 is divided by 14035.
22
What is the remainder when 727 is divided by 656?
71
Calculate the remainder when 41797 is divided by 3483.
1
Calculate the remainder when 57354 is divided by 898.
780
Calculate the remainder when 2071174 is divided by 113.
110
What is the remainder when 13655 is divided by 83?
43
Calculate the remainder when 382 is divided by 5.
2
Calculate the remainder when 2446 is divided by 725.
271
What is the remainder when 252856 is divided by 1119?
1081
What is the remainder when 31382 is divided by 79?
19
Calculate the remainder when 3698 is divided by 202.
62
What is the remainder when 14761 is divided by 3680?
41
What is the remainder when 198618 is divided by 39714?
48
What is the remainder when 7311 is divided by 82?
13
What is the remainder when 9794 is divided by 213?
209
What is the remainder when 2188 is divided by 52?
4
What is the remainder when 257392 is divided by 85791?
19
What is the remainder when 29325 is divided by 11?
10
Calculate the remainder when 13783 is divided by 1028.
419
Calculate the remainder when 433299 is divided by 2832.
3
What is the remainder when 933639 is divided by 4?
3
What is the remainder when 78363 is divided by 151?
145
What is the remainder when 923 is divided by 257?
152
Calculate the remainder when 344 is divided by 224.
120
What is the remainder when 2105 is divided by 303?
287
What is the remainder when 5997 is divided by 5997?
0
Calculate the remainder when 5900 is divided by 1473.
8
Calculate the remainder when 2204 is divided by 282.
230
Calculate the remainder when 16869 is divided by 222.
219
Calculate the remainder when 125274 is divided by 18.
12
What is the remainder when 680 is divided by 66?
20
What is the remainder when 234717 is divided by 489?
486
Calculate the remainder when 226303 is divided by 235.
233
Calculate the remainder when 340590 is divided by 45.
30
What is the remainder when 27229 is divided by 798?
97
What is the remainder when 4702 is divided by 1042?
534
Calculate the remainder when 6816484 is divided by 23.
20
Calculate the remainder when 829086 is divided by 104.
102
Calculate the remainder when 542 is divided by 301.
241
Calculate the remainder when 5951 is divided by 1962.
65
Calculate the remainder when 1722 is divided by 39.
6
What is the remainder when 36336 is divided by 62?
4
Calculate the remainder when 3248 is divided by 88.
80
Calculate the remainder when 29480 is divided by 117.
113
Calculate the remainder when 48991 is divided by 68.
31
Calculate the remainder when 4727 is divided by 1524.
155
Calculate the remainder when 111323 is divided by 411.
353
Calculate the remainder when 4595 is divided by 100.
95
Calculate the remainder when 6226 is divided by 1244.
6
What is the remainder when 29026 is divided by 779?
203
Calculate the remainder when 4839 is divided by 692.
687
Calculate the remainder when 2657 is divided by 2.
1
What is the remainder when 21794 is divided by 20?
14
What is the remainder when 32566 is divided by 680?
606
What is the remainder when 10294 is divided by 152?
110
Calculate the remainder when 3903 is divided by 32.
31
Calculate the remainder when 13432 is divided by 210.
202
Calculate the remainder when 7801 is divided by 905.
561
What is the remainder when 316940 is divided by 13205?
20
What is the remainder when 379823 is divided by 25?
23
What is the remainder when 7764 is divided by 619?
336
Calculate the remainder when 34243 is divided by 28.
27
What is the remainder when 256228 is divided by 64055?
8
What is the remainder when 9921 is divided by 216?
201
Calculate the remainder when 28097 is divided by 55.
47
What is the remainder when 217673 is divided by 152?
9
Calculate the remainder when 19477 is divided by 1640.
1437
What is the remainder when 1874 is divided by 539?
257
Calculate the remainder when 25422 is divided by 8448.
78
Calculate the remainder when 68291 is divided by 34138.
15
What is the remainder when 11317 is divided by 2206?
287
Calculate the remainder when 2148 is divided by 2143.
5
What is the remainder when 37824 is divided by 14?
10
What is the remainder when 110249 is divided by 42?
41
Calculate the remainder when 98331 is divided by 2.
1
What is the remainder when 20232 is divided by 413?
408
What is the remainder when 15240 is divided by 4659?
1263
What is the remainder when 2278 is divided by 39?
16
What is the remainder when 13249 is divided by 1324?
9
What is the remainder when 106482 is divided by 100?
82
What is the remainder when 3089 is divided by 612?
29
Calculate the remainder when 856771 is divided by 28.
27
Calculate the remainder when 31180 is divided by 390.
370
Calculate the remainder when 4554 is divided by 1477.
123
What is the remainder when 4119 is divided by 188?
171
What is the remainder when 127861 is divided by 775?
761
What is the remainder when 70017 is divided by 49?
45
What is the remainder when 39910 is divided by 150?
10
Calculate the remainder when 3490 is divided by 1743.
4
What is the remainder when 62894 is divided by 20894?
212
Calculate the remainder when 254 is divided by 246.
8
Calculate the remainder when 7671 is divided by 1508.
131
Calculate the remainder when 764 is divided by 230.
74
Calculate the remainder when 22499 is divided by 194.
189
What is the remainder when 12526 is divided by 1252?
6
What is the remainder when 60968 is divided by 5?
3
Calculate the remainder when 2846 is divided by 2821.
25
What is the remainder when 32063 is divided by 241?
10
Calculate the remainder when 209525 is divided by 76.
69
What is the remainder when 14888 is divided by 2687?
1453
Calculate the remainder when 29413 is divided by 4891.
67
What is the remainder when 8826 is divided by 1243?
125
What is the remainder when 893120 is divided by 31897?
4
Calculate the remainder when 181582 is divided by 6260.
42
What is the remainder when 90291 is divided by 76?
3
What is the remainder when 93581 is divided by 1534?
7
What is the remainder when 4678 is divi